{"version":"1.0","provider_name":"nemiskacat","provider_url":"https:\/\/nemiskacat.cafeblog.hu","author_name":"Nemiskacat","author_url":"https:\/\/nemiskacat.cafeblog.hu\/author\/enikoszendrodi\/","title":"Shabby chic t\u00e1laspolc","html":"<a href=\"https:\/\/nemiskacat.cafeblog.hu\/files\/2014\/07\/shabbychict\u00e1laspolc-fest\u00e9s-10.jpg\"><img class=\"alignnone size-full wp-image-5361\" src=\"https:\/\/nemiskacat.cafeblog.hu\/files\/2014\/07\/shabbychict\u00e1laspolc-fest\u00e9s-10.jpg\" alt=\"Shabby chic t\u00e1laspolc fest\u00e9s\" \/><\/a>\r\n\r\n&nbsp;\r\n\r\n&nbsp;\r\n\r\n<span style=\"font-style: italic\">T\u00e1laspolc, t\u00e1las, ed\u00e9nyes, t\u00e1ny\u00e9ros, palackos, \u00fcveges, f\u0171szeres, tejes...<\/span>\r\n\r\n...ezek nagyj\u00e1b\u00f3l mind ugyanazt jelentik, legal\u00e1bbis a Magyar N\u00e9prajzi Lexikon ide vonatkoz\u00f3 sz\u00f3cikke szerint (forr\u00e1s <a title=\"Magyar N\u00e9prajzi Lexikon\" href=\"http:\/\/mek.oszk.hu\/02100\/02115\/html\/4-678.html\" target=\"_blank\">ITT<\/a>).\r\n\r\n&nbsp;\r\n\r\nA t\u00e1lasfogas pontos le\u00edr\u00e1sa:\r\n\r\nt\u00e1rol\u00f3b\u00fator; alj\u00e1n deszkalap akaszt\u00f3fogakkal, melyeken \u00fcveg- vagy cser\u00e9pkancs\u00f3, f\u0151leg <span style=\"font-style: italic\">bok\u00e1ly<\/span>, ritk\u00e1n t\u00e1ny\u00e9r l\u00f3g, f\u00f6l\u00fcl polc, melynek korl\u00e1tj\u00e1hoz \u00f3n- vagy cser\u00e9pt\u00e1lak t\u00e1maszkodnak. Nevezik m\u00e9g: <span style=\"font-style: italic\">fogas, fogast\u00e1las, t\u00e1las, t\u00e1ny\u00e9ros<\/span>nak is (Erd\u00e9lyben: <span style=\"font-style: italic\">kend\u0151szeg, bok\u00e1lytart\u00f3<\/span>). N\u00e9ha egym\u00e1s f\u00f6l\u00f6tt k\u00e9t polc van, esetleg a v\u00e9gein rekesszel, ill. fi\u00f3kkal vagy t\u00f6r\u00fclk\u00f6z\u0151tart\u00f3val.\r\n\r\n&nbsp;\r\n\r\nA lexikon szerint a vagyont jelz\u0151 d\u00edszed\u00e9ny kirak\u00e1sa a 15. sz.-ban v\u00e1lt szok\u00e1ss\u00e1, \u00e9s ma sem haszn\u00e1ln\u00e1nk m\u00e1sra, b\u00e1r mostans\u00e1g nehezen lehet ilyen b\u00fatorokat beszerezni. Akinek ez a st\u00edlus tetszik, aki hasonl\u00f3 b\u00fatorokkal szeretn\u00e9 berendezni az \u00e9letter\u00e9t meglehet\u0151sen sz\u0171k k\u00f6rb\u0151l v\u00e1logathat, esetleg megcsin\u00e1ltatja asztalossal, vagy felkutat egy hasonl\u00f3 \u00e1llapotban l\u00e9v\u0151 darabot. K\u00e9ts\u00e9gtelen, hogy ez a legk\u00f6lts\u00e9gk\u00edm\u00e9l\u0151bb megold\u00e1s.\r\n\r\n&nbsp;\r\n\r\n&nbsp;\r\n\r\n<a href=\"https:\/\/nemiskacat.cafeblog.hu\/files\/2014\/07\/ShabbyChict\u00e1las.jpg\"><img class=\"alignnone size-full wp-image-5362\" src=\"https:\/\/nemiskacat.cafeblog.hu\/files\/2014\/07\/ShabbyChict\u00e1las.jpg\" alt=\"Shabby chic t\u00e1laspolc fest\u00e9s\" \/><\/a>\r\n\r\n&nbsp;\r\n\r\n&nbsp;\r\n\r\nEz a t\u00e1laspolc t\u00f6bb sebb\u0151l v\u00e9rzett:\u00a0 egyr\u00e9sz borzaszt\u00f3an koszos volt, m\u00e1sr\u00e9szt nem \u00e1rtott neki egy egyszer\u0171 sz\u00fa\u00f6l\u0151vel val\u00f3 lekezel\u00e9s, \u00e9s az egyik fogas\u00e1t meg kellett ragasztani, mert meglazult.\r\n\r\n&nbsp;\r\n\r\nEzek nagyon minim\u00e1lis munk\u00e1val \u00e9s er\u0151fesz\u00edt\u00e9ssel megoldhat\u00f3 feladatok, a fest\u00e9k pedig csod\u00e1kat tett vele.\r\n\r\n<a href=\"http:\/\/nemiskacat.hu\/shabby-chic-talaspolc\/\">Olvass tov\u00e1bb!<\/a>\r\n\r\n&nbsp;\r\n\r\n&nbsp;\r\n\r\n&nbsp;","type":"rich","thumbnail_url":"https:\/\/nemiskacat.cafeblog.hu\/files\/2014\/07\/shabbychict\u00e1laspolc-fest\u00e9s-7-150x150.jpg","thumbnail_width":150,"thumbnail_height":150}

Shabby chic tálaspolc

<a href="https://nemiskacat.cafeblog.hu/files/2014/07/shabbychictálaspolc-festés-10.jpg"><img class="alignnone size-full wp-image-5361" src="https://nemiskacat.cafeblog.hu/files/2014/07/shabbychictálaspolc-festés-10.jpg" alt="Shabby chic tálaspolc festés" /></a>

&nbsp;

&nbsp;

<span style="font-style: italic">Tálaspolc, tálas, edényes, tányéros, palackos, üveges, fűszeres, tejes...</span>

...ezek nagyjából mind ugyanazt jelentik, legalábbis a Magyar Néprajzi Lexikon ide vonatkozó szócikke szerint (forrás <a title="Magyar Néprajzi Lexikon" href="http://mek.oszk.hu/02100/02115/html/4-678.html" target="_blank">ITT</a>).

&nbsp;

A tálasfogas pontos leírása:

tárolóbútor; alján deszkalap akasztófogakkal, melyeken üveg- vagy cserépkancsó, főleg <span style="font-style: italic">bokály</span>, ritkán tányér lóg, fölül polc, melynek korlátjához ón- vagy cseréptálak támaszkodnak. Nevezik még: <span style="font-style: italic">fogas, fogastálas, tálas, tányéros</span>nak is (Erdélyben: <span style="font-style: italic">kendőszeg, bokálytartó</span>). Néha egymás fölött két polc van, esetleg a végein rekesszel, ill. fiókkal vagy törülközőtartóval.

&nbsp;

A lexikon szerint a vagyont jelző díszedény kirakása a 15. sz.-ban vált szokássá, és ma sem használnánk másra, bár mostanság nehezen lehet ilyen bútorokat beszerezni. Akinek ez a stílus tetszik, aki hasonló bútorokkal szeretné berendezni az életterét meglehetősen szűk körből válogathat, esetleg megcsináltatja asztalossal, vagy felkutat egy hasonló állapotban lévő darabot. Kétségtelen, hogy ez a legköltségkímélőbb megoldás.

&nbsp;

&nbsp;

<a href="https://nemiskacat.cafeblog.hu/files/2014/07/ShabbyChictálas.jpg"><img class="alignnone size-full wp-image-5362" src="https://nemiskacat.cafeblog.hu/files/2014/07/ShabbyChictálas.jpg" alt="Shabby chic tálaspolc festés" /></a>

&nbsp;

&nbsp;

Ez a tálaspolc több sebből vérzett:  egyrész borzasztóan koszos volt, másrészt nem ártott neki egy egyszerű szúölővel való lekezelés, és az egyik fogasát meg kellett ragasztani, mert meglazult.

&nbsp;

Ezek nagyon minimális munkával és erőfeszítéssel megoldható feladatok, a festék pedig csodákat tett vele.

<a href="http://nemiskacat.hu/shabby-chic-talaspolc/">Olvass tovább!</a>

&nbsp;

&nbsp;

&nbsp;

https://nemiskacat.cafeblog.hu/files/2014/07/shabbychictálaspolc-festés-7-150x150.jpg
